{"id":2821,"date":"2025-05-09T08:18:58","date_gmt":"2025-05-09T08:18:58","guid":{"rendered":"https:\/\/latemarium.com\/events\/bagno-nel-bosco-il-potere-curativo-della-foresta\/"},"modified":"2025-05-09T08:23:47","modified_gmt":"2025-05-09T08:23:47","slug":"waldbaden-die-heilkraft-des-waldes","status":"publish","type":"ajde_events","link":"https:\/\/latemarium.com\/de\/events\/waldbaden-die-heilkraft-des-waldes\/","title":{"rendered":"Waldbaden: Die Heilkraft des Waldes"},"content":{"rendered":"<p>Tauche ein in die beruhigende Atmosph\u00e4re des Waldes und entdecke die heilende Kraft der Natur. Unter der fachkundigen Leitung von Georg Kirchmaier, einem erfahrenen Waldp\u00e4dagogen und Geobiologen, erkundest du den einzigartigen Eggentaler Wald.\u200b<\/p>\n<p>Das japanische Konzept des &#8220;Shinrin-yoku&#8221;, bekannt als Waldbaden, zeigt, dass der Aufenthalt im Wald positive Effekte auf unser Nerven-, Hormon- und Immunsystem hat. W\u00e4hrend des Spaziergangs atmest du tief durch, lauschst den Kl\u00e4ngen der Natur und sp\u00fcrst die Energie der B\u00e4ume. An ausgew\u00e4hlten Kraftpl\u00e4tzen kannst du neue Energie tanken und tiefe Entspannung finden.\u200b<\/p>\n<p>Georg Kirchmaier wird dir zeigen, wie alles im Wald in Symbiose lebt, und dir helfen, dich wieder mit der Natur zu verbinden. \u200b<\/p>\n<p>Erlebe die harmonisierende Wirkung des Waldes und finde zur\u00fcck zu innerer Ruhe und Ausgeglichenheit.<\/p>\n<p>INFO:<br \/>\nTreffpunkt: Haltestelle Ortner &#8211; Obereggen<br \/>\nTEL +39 0471 619500<br \/>\nMitnahme von Jause und Getr\u00e4nk (keine Einkehrm\u00f6glichkeit!) empfehlenswert<br \/>\nAusr\u00fcstung: gutes Schuhwerk, Kopfbedeckung, evtl. Regenschutz<\/p>\n","protected":false},"author":8,"featured_media":2817,"menu_order":0,"comment_status":"open","ping_status":"closed","template":"","meta":[],"tags":[],"event_type":[],"event_type_2":[],"class_list":["post-2821","ajde_events","type-ajde_events","status-publish","has-post-thumbnail","hentry"],"yoast_head":"<!-- This site is optimized with the Yoast SEO plugin v24.3 - https:\/\/yoast.com\/wordpress\/plugins\/seo\/ -->\n<title>Waldbaden: Die Heilkraft des Waldes - Latemarium<\/title>\n<meta name=\"robots\" content=\"index, follow, max-snippet:-1, max-image-preview:large, max-video-preview:-1\" \/>\n<link rel=\"canonical\" href=\"https:\/\/latemarium.com\/de\/events\/waldbaden-die-heilkraft-des-waldes\/\" \/>\n<meta property=\"og:locale\" content=\"de_DE\" \/>\n<meta property=\"og:type\" content=\"article\" \/>\n<meta property=\"og:title\" content=\"Waldbaden: Die Heilkraft des Waldes - Latemarium\" \/>\n<meta property=\"og:description\" content=\"Tauche ein in die beruhigende Atmosph\u00e4re des Waldes und entdecke die heilende Kraft der Natur. Unter der fachkundigen Leitung von Georg Kirchmaier, einem erfahrenen Waldp\u00e4dagogen und Geobiologen, erkundest du den einzigartigen Eggentaler Wald.\u200b Das japanische Konzept des &#8220;Shinrin-yoku&#8221;, bekannt als Waldbaden, zeigt, dass der Aufenthalt im Wald positive Effekte auf unser Nerven-, Hormon- und Immunsystem [&hellip;]\" \/>\n<meta property=\"og:url\" content=\"https:\/\/latemarium.com\/de\/events\/waldbaden-die-heilkraft-des-waldes\/\" \/>\n<meta property=\"og:site_name\" content=\"Latemarium\" \/>\n<meta property=\"article:modified_time\" content=\"2025-05-09T08:23:47+00:00\" \/>\n<meta property=\"og:image\" content=\"https:\/\/latemarium.com\/wp-content\/uploads\/2025\/05\/bagno-nel-bosco-obereggen.jpg\" \/>\n\t<meta property=\"og:image:width\" content=\"1245\" \/>\n\t<meta property=\"og:image:height\" content=\"755\" \/>\n\t<meta property=\"og:image:type\" content=\"image\/jpeg\" \/>\n<meta name=\"twitter:card\" content=\"summary_large_image\" \/>\n<meta name=\"twitter:label1\" content=\"Est. reading time\" \/>\n\t<meta name=\"twitter:data1\" content=\"1 minute\" \/>\n<script type=\"application\/ld+json\" class=\"yoast-schema-graph\">{\"@context\":\"https:\/\/schema.org\",\"@graph\":[{\"@type\":\"WebPage\",\"@id\":\"https:\/\/latemarium.com\/de\/events\/waldbaden-die-heilkraft-des-waldes\/\",\"url\":\"https:\/\/latemarium.com\/de\/events\/waldbaden-die-heilkraft-des-waldes\/\",\"name\":\"Waldbaden: Die Heilkraft des Waldes - Latemarium\",\"isPartOf\":{\"@id\":\"https:\/\/latemarium.com\/it\/#website\"},\"primaryImageOfPage\":{\"@id\":\"https:\/\/latemarium.com\/de\/events\/waldbaden-die-heilkraft-des-waldes\/#primaryimage\"},\"image\":{\"@id\":\"https:\/\/latemarium.com\/de\/events\/waldbaden-die-heilkraft-des-waldes\/#primaryimage\"},\"thumbnailUrl\":\"https:\/\/latemarium.com\/wp-content\/uploads\/2025\/05\/bagno-nel-bosco-obereggen.jpg\",\"datePublished\":\"2025-05-09T08:18:58+00:00\",\"dateModified\":\"2025-05-09T08:23:47+00:00\",\"breadcrumb\":{\"@id\":\"https:\/\/latemarium.com\/de\/events\/waldbaden-die-heilkraft-des-waldes\/#breadcrumb\"},\"inLanguage\":\"de-DE\",\"potentialAction\":[{\"@type\":\"ReadAction\",\"target\":[\"https:\/\/latemarium.com\/de\/events\/waldbaden-die-heilkraft-des-waldes\/\"]}]},{\"@type\":\"ImageObject\",\"inLanguage\":\"de-DE\",\"@id\":\"https:\/\/latemarium.com\/de\/events\/waldbaden-die-heilkraft-des-waldes\/#primaryimage\",\"url\":\"https:\/\/latemarium.com\/wp-content\/uploads\/2025\/05\/bagno-nel-bosco-obereggen.jpg\",\"contentUrl\":\"https:\/\/latemarium.com\/wp-content\/uploads\/2025\/05\/bagno-nel-bosco-obereggen.jpg\",\"width\":1245,\"height\":755},{\"@type\":\"BreadcrumbList\",\"@id\":\"https:\/\/latemarium.com\/de\/events\/waldbaden-die-heilkraft-des-waldes\/#breadcrumb\",\"itemListElement\":[{\"@type\":\"ListItem\",\"position\":1,\"name\":\"Home\",\"item\":\"https:\/\/latemarium.com\/de\/\"},{\"@type\":\"ListItem\",\"position\":2,\"name\":\"Events\",\"item\":\"https:\/\/latemarium.com\/de\/events\/\"},{\"@type\":\"ListItem\",\"position\":3,\"name\":\"Waldbaden: Die Heilkraft des Waldes\"}]},{\"@type\":\"WebSite\",\"@id\":\"https:\/\/latemarium.com\/it\/#website\",\"url\":\"https:\/\/latemarium.com\/it\/\",\"name\":\"Latemarium\",\"description\":\"Un regno di emozioni\",\"potentialAction\":[{\"@type\":\"SearchAction\",\"target\":{\"@type\":\"EntryPoint\",\"urlTemplate\":\"https:\/\/latemarium.com\/it\/?s={search_term_string}\"},\"query-input\":{\"@type\":\"PropertyValueSpecification\",\"valueRequired\":true,\"valueName\":\"search_term_string\"}}],\"inLanguage\":\"de-DE\"}]}<\/script>\n<!-- \/ Yoast SEO plugin. -->","yoast_head_json":{"title":"Waldbaden: Die Heilkraft des Waldes - Latemarium","robots":{"index":"index","follow":"follow","max-snippet":"max-snippet:-1","max-image-preview":"max-image-preview:large","max-video-preview":"max-video-preview:-1"},"canonical":"https:\/\/latemarium.com\/de\/events\/waldbaden-die-heilkraft-des-waldes\/","og_locale":"de_DE","og_type":"article","og_title":"Waldbaden: Die Heilkraft des Waldes - Latemarium","og_description":"Tauche ein in die beruhigende Atmosph\u00e4re des Waldes und entdecke die heilende Kraft der Natur. Unter der fachkundigen Leitung von Georg Kirchmaier, einem erfahrenen Waldp\u00e4dagogen und Geobiologen, erkundest du den einzigartigen Eggentaler Wald.\u200b Das japanische Konzept des &#8220;Shinrin-yoku&#8221;, bekannt als Waldbaden, zeigt, dass der Aufenthalt im Wald positive Effekte auf unser Nerven-, Hormon- und Immunsystem [&hellip;]","og_url":"https:\/\/latemarium.com\/de\/events\/waldbaden-die-heilkraft-des-waldes\/","og_site_name":"Latemarium","article_modified_time":"2025-05-09T08:23:47+00:00","og_image":[{"width":1245,"height":755,"url":"https:\/\/latemarium.com\/wp-content\/uploads\/2025\/05\/bagno-nel-bosco-obereggen.jpg","type":"image\/jpeg"}],"twitter_card":"summary_large_image","twitter_misc":{"Est. reading time":"1 minute"},"schema":{"@context":"https:\/\/schema.org","@graph":[{"@type":"WebPage","@id":"https:\/\/latemarium.com\/de\/events\/waldbaden-die-heilkraft-des-waldes\/","url":"https:\/\/latemarium.com\/de\/events\/waldbaden-die-heilkraft-des-waldes\/","name":"Waldbaden: Die Heilkraft des Waldes - Latemarium","isPartOf":{"@id":"https:\/\/latemarium.com\/it\/#website"},"primaryImageOfPage":{"@id":"https:\/\/latemarium.com\/de\/events\/waldbaden-die-heilkraft-des-waldes\/#primaryimage"},"image":{"@id":"https:\/\/latemarium.com\/de\/events\/waldbaden-die-heilkraft-des-waldes\/#primaryimage"},"thumbnailUrl":"https:\/\/latemarium.com\/wp-content\/uploads\/2025\/05\/bagno-nel-bosco-obereggen.jpg","datePublished":"2025-05-09T08:18:58+00:00","dateModified":"2025-05-09T08:23:47+00:00","breadcrumb":{"@id":"https:\/\/latemarium.com\/de\/events\/waldbaden-die-heilkraft-des-waldes\/#breadcrumb"},"inLanguage":"de-DE","potentialAction":[{"@type":"ReadAction","target":["https:\/\/latemarium.com\/de\/events\/waldbaden-die-heilkraft-des-waldes\/"]}]},{"@type":"ImageObject","inLanguage":"de-DE","@id":"https:\/\/latemarium.com\/de\/events\/waldbaden-die-heilkraft-des-waldes\/#primaryimage","url":"https:\/\/latemarium.com\/wp-content\/uploads\/2025\/05\/bagno-nel-bosco-obereggen.jpg","contentUrl":"https:\/\/latemarium.com\/wp-content\/uploads\/2025\/05\/bagno-nel-bosco-obereggen.jpg","width":1245,"height":755},{"@type":"BreadcrumbList","@id":"https:\/\/latemarium.com\/de\/events\/waldbaden-die-heilkraft-des-waldes\/#breadcrumb","itemListElement":[{"@type":"ListItem","position":1,"name":"Home","item":"https:\/\/latemarium.com\/de\/"},{"@type":"ListItem","position":2,"name":"Events","item":"https:\/\/latemarium.com\/de\/events\/"},{"@type":"ListItem","position":3,"name":"Waldbaden: Die Heilkraft des Waldes"}]},{"@type":"WebSite","@id":"https:\/\/latemarium.com\/it\/#website","url":"https:\/\/latemarium.com\/it\/","name":"Latemarium","description":"Un regno di emozioni","potentialAction":[{"@type":"SearchAction","target":{"@type":"EntryPoint","urlTemplate":"https:\/\/latemarium.com\/it\/?s={search_term_string}"},"query-input":{"@type":"PropertyValueSpecification","valueRequired":true,"valueName":"search_term_string"}}],"inLanguage":"de-DE"}]}},"_links":{"self":[{"href":"https:\/\/latemarium.com\/de\/wp-json\/wp\/v2\/ajde_events\/2821","targetHints":{"allow":["GET"]}}],"collection":[{"href":"https:\/\/latemarium.com\/de\/wp-json\/wp\/v2\/ajde_events"}],"about":[{"href":"https:\/\/latemarium.com\/de\/wp-json\/wp\/v2\/types\/ajde_events"}],"author":[{"embeddable":true,"href":"https:\/\/latemarium.com\/de\/wp-json\/wp\/v2\/users\/8"}],"replies":[{"embeddable":true,"href":"https:\/\/latemarium.com\/de\/wp-json\/wp\/v2\/comments?post=2821"}],"wp:featuredmedia":[{"embeddable":true,"href":"https:\/\/latemarium.com\/de\/wp-json\/wp\/v2\/media\/2817"}],"wp:attachment":[{"href":"https:\/\/latemarium.com\/de\/wp-json\/wp\/v2\/media?parent=2821"}],"wp:term":[{"taxonomy":"post_tag","embeddable":true,"href":"https:\/\/latemarium.com\/de\/wp-json\/wp\/v2\/tags?post=2821"},{"taxonomy":"event_type","embeddable":true,"href":"https:\/\/latemarium.com\/de\/wp-json\/wp\/v2\/event_type?post=2821"},{"taxonomy":"event_type_2","embeddable":true,"href":"https:\/\/latemarium.com\/de\/wp-json\/wp\/v2\/event_type_2?post=2821"}],"curies":[{"name":"wp","href":"https:\/\/api.w.org\/{rel}","templated":true}]}}

<p>Tauche ein in die beruhigende Atmosphäre des Waldes und entdecke die heilende Kraft der Natur. Unter der fachkundigen Leitung von Georg Kirchmaier, einem erfahrenen Waldpädagogen und Geobiologen, erkundest du den einzigartigen Eggentaler Wald.​</p>
<p>Das japanische Konzept des &#8220;Shinrin-yoku&#8221;, bekannt als Waldbaden, zeigt, dass der Aufenthalt im Wald positive Effekte auf unser Nerven-, Hormon- und Immunsystem hat. Während des Spaziergangs atmest du tief durch, lauschst den Klängen der Natur und spürst die Energie der Bäume. An ausgewählten Kraftplätzen kannst du neue Energie tanken und tiefe Entspannung finden.​</p>
<p>Georg Kirchmaier wird dir zeigen, wie alles im Wald in Symbiose lebt, und dir helfen, dich wieder mit der Natur zu verbinden. ​</p>
<p>Erlebe die harmonisierende Wirkung des Waldes und finde zurück zu innerer Ruhe und Ausgeglichenheit.</p>
<p>INFO:<br />
Treffpunkt: Haltestelle Ortner &#8211; Obereggen<br />
TEL +39 0471 619500<br />
Mitnahme von Jause und Getränk (keine Einkehrmöglichkeit!) empfehlenswert<br />
Ausrüstung: gutes Schuhwerk, Kopfbedeckung, evtl. Regenschutz</p>

<!-- This site is optimized with the Yoast SEO plugin v24.3 - https://yoast.com/wordpress/plugins/seo/ -->
<title>Waldbaden: Die Heilkraft des Waldes - Latemarium</title>
<meta name="robots" content="index, follow, max-snippet:-1, max-image-preview:large, max-video-preview:-1" />
<link rel="canonical" href="https://latemarium.com/de/events/waldbaden-die-heilkraft-des-waldes/" />
<meta property="og:locale" content="de_DE" />
<meta property="og:type" content="article" />
<meta property="og:title" content="Waldbaden: Die Heilkraft des Waldes - Latemarium" />
<meta property="og:description" content="Tauche ein in die beruhigende Atmosphäre des Waldes und entdecke die heilende Kraft der Natur. Unter der fachkundigen Leitung von Georg Kirchmaier, einem erfahrenen Waldpädagogen und Geobiologen, erkundest du den einzigartigen Eggentaler Wald.​ Das japanische Konzept des &#8220;Shinrin-yoku&#8221;, bekannt als Waldbaden, zeigt, dass der Aufenthalt im Wald positive Effekte auf unser Nerven-, Hormon- und Immunsystem [&hellip;]" />
<meta property="og:url" content="https://latemarium.com/de/events/waldbaden-die-heilkraft-des-waldes/" />
<meta property="og:site_name" content="Latemarium" />
<meta property="article:modified_time" content="2025-05-09T08:23:47+00:00" />
<meta property="og:image" content="https://latemarium.com/wp-content/uploads/2025/05/bagno-nel-bosco-obereggen.jpg" />
	<meta property="og:image:width" content="1245" />
	<meta property="og:image:height" content="755" />
	<meta property="og:image:type" content="image/jpeg" />
<meta name="twitter:card" content="summary_large_image" />
<meta name="twitter:label1" content="Est. reading time" />
	<meta name="twitter:data1" content="1 minute" />
<script type="application/ld+json" class="yoast-schema-graph">{"@context":"https://schema.org","@graph":[{"@type":"WebPage","@id":"https://latemarium.com/de/events/waldbaden-die-heilkraft-des-waldes/","url":"https://latemarium.com/de/events/waldbaden-die-heilkraft-des-waldes/","name":"Waldbaden: Die Heilkraft des Waldes - Latemarium","isPartOf":{"@id":"https://latemarium.com/it/#website"},"primaryImageOfPage":{"@id":"https://latemarium.com/de/events/waldbaden-die-heilkraft-des-waldes/#primaryimage"},"image":{"@id":"https://latemarium.com/de/events/waldbaden-die-heilkraft-des-waldes/#primaryimage"},"thumbnailUrl":"https://latemarium.com/wp-content/uploads/2025/05/bagno-nel-bosco-obereggen.jpg","datePublished":"2025-05-09T08:18:58+00:00","dateModified":"2025-05-09T08:23:47+00:00","breadcrumb":{"@id":"https://latemarium.com/de/events/waldbaden-die-heilkraft-des-waldes/#breadcrumb"},"inLanguage":"de-DE","potentialAction":[{"@type":"ReadAction","target":["https://latemarium.com/de/events/waldbaden-die-heilkraft-des-waldes/"]}]},{"@type":"ImageObject","inLanguage":"de-DE","@id":"https://latemarium.com/de/events/waldbaden-die-heilkraft-des-waldes/#primaryimage","url":"https://latemarium.com/wp-content/uploads/2025/05/bagno-nel-bosco-obereggen.jpg","contentUrl":"https://latemarium.com/wp-content/uploads/2025/05/bagno-nel-bosco-obereggen.jpg","width":1245,"height":755},{"@type":"BreadcrumbList","@id":"https://latemarium.com/de/events/waldbaden-die-heilkraft-des-waldes/#breadcrumb","itemListElement":[{"@type":"ListItem","position":1,"name":"Home","item":"https://latemarium.com/de/"},{"@type":"ListItem","position":2,"name":"Events","item":"https://latemarium.com/de/events/"},{"@type":"ListItem","position":3,"name":"Waldbaden: Die Heilkraft des Waldes"}]},{"@type":"WebSite","@id":"https://latemarium.com/it/#website","url":"https://latemarium.com/it/","name":"Latemarium","description":"Un regno di emozioni","potentialAction":[{"@type":"SearchAction","target":{"@type":"EntryPoint","urlTemplate":"https://latemarium.com/it/?s={search_term_string}"},"query-input":{"@type":"PropertyValueSpecification","valueRequired":true,"valueName":"search_term_string"}}],"inLanguage":"de-DE"}]}</script>
<!-- / Yoast SEO plugin. -->

Tauche ein in die beruhigende Atmosphäre des Waldes und entdecke die heilende Kraft der Natur. Unter der fachkundigen Leitung von Georg Kirchmaier, einem erfahrenen Waldpädagogen und Geobiologen, erkundest du den einzigartigen Eggentaler Wald.​ Das japanische Konzept des &#8220;Shinrin-yoku&#8221;, bekannt als Waldbaden, zeigt, dass der Aufenthalt im Wald positive Effekte auf unser Nerven-, Hormon- und Immunsystem [&hellip;]
