{"id":2813,"date":"2025-05-09T08:01:51","date_gmt":"2025-05-09T08:01:51","guid":{"rendered":"https:\/\/latemarium.com\/events\/escursione-alla-scoperta-di-fiori-erbe-aromatiche\/"},"modified":"2025-05-09T08:06:21","modified_gmt":"2025-05-09T08:06:21","slug":"blumen-und-kraeuterwanderung","status":"publish","type":"ajde_events","link":"https:\/\/latemarium.com\/de\/events\/blumen-und-kraeuterwanderung\/","title":{"rendered":"Blumen- und Kr\u00e4uterwanderung"},"content":{"rendered":"<p>Diese Wanderung am Fu\u00dfe des Latemar l\u00e4dt dazu ein, die Vielfalt der Natur mit ihren Blumen und Kr\u00e4utern zu entdecken. Wanderf\u00fchrerin Irene Eder f\u00fchrt die Gruppe mit fachkundigem Wissen durch die beeindruckende Landschaft und plant zur Mittagszeit eine gem\u00fctliche Einkehr in einer Alm der Region. Unterwegs erfahren die Teilnehmer Wissenswertes \u00fcber die heilenden Eigenschaften der Kr\u00e4uter, B\u00e4ume und Blumen sowie deren Verwendung. Im Mittelpunkt dieser entspannenden Wanderung stehen traditionelle Rezepturen und das Wohlbefinden inmitten der Natur.<\/p>\n<p>Route: Obereggen, Auffahrt mit dem Sessellift \u2013 Weg Nr. 22 \u2013 Mayrl Alm &#8211; auf dem Weg Latemar.Natura zur\u00fcck zur Bergstation Oberholz und mit dem Lift nach Obereggen.<\/p>\n<p>Start: 10 Uhr, Tourismusb\u00fcro Obereggen | R\u00fcckkehr: 15 Uhr | Dauer: 5 Std. | reine Gehzeit: 2 Std. | Anforderung: gute Schuhe<br \/>\nH\u00f6henunterschied: 150 m bis Mayrl Alm | Schwierigkeit: leicht | mit Einkehr | Sessellift: kostenpflichtig | Mitnahme von Getr\u00e4nk wird empfohlen<\/p>\n","protected":false},"author":8,"featured_media":2809,"menu_order":0,"comment_status":"open","ping_status":"closed","template":"","meta":[],"tags":[],"event_type":[],"event_type_2":[],"class_list":["post-2813","ajde_events","type-ajde_events","status-publish","has-post-thumbnail","hentry","event_location-talstation-obereggen"],"yoast_head":"<!-- This site is optimized with the Yoast SEO plugin v24.3 - https:\/\/yoast.com\/wordpress\/plugins\/seo\/ -->\n<title>Blumen- und Kr\u00e4uterwanderung - Latemarium<\/title>\n<meta name=\"robots\" content=\"index, follow, max-snippet:-1, max-image-preview:large, max-video-preview:-1\" \/>\n<link rel=\"canonical\" href=\"https:\/\/latemarium.com\/de\/events\/blumen-und-kraeuterwanderung\/\" \/>\n<meta property=\"og:locale\" content=\"de_DE\" \/>\n<meta property=\"og:type\" content=\"article\" \/>\n<meta property=\"og:title\" content=\"Blumen- und Kr\u00e4uterwanderung - Latemarium\" \/>\n<meta property=\"og:description\" content=\"Diese Wanderung am Fu\u00dfe des Latemar l\u00e4dt dazu ein, die Vielfalt der Natur mit ihren Blumen und Kr\u00e4utern zu entdecken. Wanderf\u00fchrerin Irene Eder f\u00fchrt die Gruppe mit fachkundigem Wissen durch die beeindruckende Landschaft und plant zur Mittagszeit eine gem\u00fctliche Einkehr in einer Alm der Region. Unterwegs erfahren die Teilnehmer Wissenswertes \u00fcber die heilenden Eigenschaften der [&hellip;]\" \/>\n<meta property=\"og:url\" content=\"https:\/\/latemarium.com\/de\/events\/blumen-und-kraeuterwanderung\/\" \/>\n<meta property=\"og:site_name\" content=\"Latemarium\" \/>\n<meta property=\"article:modified_time\" content=\"2025-05-09T08:06:21+00:00\" \/>\n<meta property=\"og:image\" content=\"https:\/\/latemarium.com\/wp-content\/uploads\/2025\/05\/fiori-e-erbe-obereggen.jpg\" \/>\n\t<meta property=\"og:image:width\" content=\"1245\" \/>\n\t<meta property=\"og:image:height\" content=\"755\" \/>\n\t<meta property=\"og:image:type\" content=\"image\/jpeg\" \/>\n<meta name=\"twitter:card\" content=\"summary_large_image\" \/>\n<meta name=\"twitter:label1\" content=\"Est. reading time\" \/>\n\t<meta name=\"twitter:data1\" content=\"1 minute\" \/>\n<script type=\"application\/ld+json\" class=\"yoast-schema-graph\">{\"@context\":\"https:\/\/schema.org\",\"@graph\":[{\"@type\":\"WebPage\",\"@id\":\"https:\/\/latemarium.com\/de\/events\/blumen-und-kraeuterwanderung\/\",\"url\":\"https:\/\/latemarium.com\/de\/events\/blumen-und-kraeuterwanderung\/\",\"name\":\"Blumen- und Kr\u00e4uterwanderung - Latemarium\",\"isPartOf\":{\"@id\":\"https:\/\/latemarium.com\/it\/#website\"},\"primaryImageOfPage\":{\"@id\":\"https:\/\/latemarium.com\/de\/events\/blumen-und-kraeuterwanderung\/#primaryimage\"},\"image\":{\"@id\":\"https:\/\/latemarium.com\/de\/events\/blumen-und-kraeuterwanderung\/#primaryimage\"},\"thumbnailUrl\":\"https:\/\/latemarium.com\/wp-content\/uploads\/2025\/05\/fiori-e-erbe-obereggen.jpg\",\"datePublished\":\"2025-05-09T08:01:51+00:00\",\"dateModified\":\"2025-05-09T08:06:21+00:00\",\"breadcrumb\":{\"@id\":\"https:\/\/latemarium.com\/de\/events\/blumen-und-kraeuterwanderung\/#breadcrumb\"},\"inLanguage\":\"de-DE\",\"potentialAction\":[{\"@type\":\"ReadAction\",\"target\":[\"https:\/\/latemarium.com\/de\/events\/blumen-und-kraeuterwanderung\/\"]}]},{\"@type\":\"ImageObject\",\"inLanguage\":\"de-DE\",\"@id\":\"https:\/\/latemarium.com\/de\/events\/blumen-und-kraeuterwanderung\/#primaryimage\",\"url\":\"https:\/\/latemarium.com\/wp-content\/uploads\/2025\/05\/fiori-e-erbe-obereggen.jpg\",\"contentUrl\":\"https:\/\/latemarium.com\/wp-content\/uploads\/2025\/05\/fiori-e-erbe-obereggen.jpg\",\"width\":1245,\"height\":755},{\"@type\":\"BreadcrumbList\",\"@id\":\"https:\/\/latemarium.com\/de\/events\/blumen-und-kraeuterwanderung\/#breadcrumb\",\"itemListElement\":[{\"@type\":\"ListItem\",\"position\":1,\"name\":\"Home\",\"item\":\"https:\/\/latemarium.com\/de\/\"},{\"@type\":\"ListItem\",\"position\":2,\"name\":\"Events\",\"item\":\"https:\/\/latemarium.com\/de\/events\/\"},{\"@type\":\"ListItem\",\"position\":3,\"name\":\"Blumen- und Kr\u00e4uterwanderung\"}]},{\"@type\":\"WebSite\",\"@id\":\"https:\/\/latemarium.com\/it\/#website\",\"url\":\"https:\/\/latemarium.com\/it\/\",\"name\":\"Latemarium\",\"description\":\"Un regno di emozioni\",\"potentialAction\":[{\"@type\":\"SearchAction\",\"target\":{\"@type\":\"EntryPoint\",\"urlTemplate\":\"https:\/\/latemarium.com\/it\/?s={search_term_string}\"},\"query-input\":{\"@type\":\"PropertyValueSpecification\",\"valueRequired\":true,\"valueName\":\"search_term_string\"}}],\"inLanguage\":\"de-DE\"}]}<\/script>\n<!-- \/ Yoast SEO plugin. -->","yoast_head_json":{"title":"Blumen- und Kr\u00e4uterwanderung - Latemarium","robots":{"index":"index","follow":"follow","max-snippet":"max-snippet:-1","max-image-preview":"max-image-preview:large","max-video-preview":"max-video-preview:-1"},"canonical":"https:\/\/latemarium.com\/de\/events\/blumen-und-kraeuterwanderung\/","og_locale":"de_DE","og_type":"article","og_title":"Blumen- und Kr\u00e4uterwanderung - Latemarium","og_description":"Diese Wanderung am Fu\u00dfe des Latemar l\u00e4dt dazu ein, die Vielfalt der Natur mit ihren Blumen und Kr\u00e4utern zu entdecken. Wanderf\u00fchrerin Irene Eder f\u00fchrt die Gruppe mit fachkundigem Wissen durch die beeindruckende Landschaft und plant zur Mittagszeit eine gem\u00fctliche Einkehr in einer Alm der Region. Unterwegs erfahren die Teilnehmer Wissenswertes \u00fcber die heilenden Eigenschaften der [&hellip;]","og_url":"https:\/\/latemarium.com\/de\/events\/blumen-und-kraeuterwanderung\/","og_site_name":"Latemarium","article_modified_time":"2025-05-09T08:06:21+00:00","og_image":[{"width":1245,"height":755,"url":"https:\/\/latemarium.com\/wp-content\/uploads\/2025\/05\/fiori-e-erbe-obereggen.jpg","type":"image\/jpeg"}],"twitter_card":"summary_large_image","twitter_misc":{"Est. reading time":"1 minute"},"schema":{"@context":"https:\/\/schema.org","@graph":[{"@type":"WebPage","@id":"https:\/\/latemarium.com\/de\/events\/blumen-und-kraeuterwanderung\/","url":"https:\/\/latemarium.com\/de\/events\/blumen-und-kraeuterwanderung\/","name":"Blumen- und Kr\u00e4uterwanderung - Latemarium","isPartOf":{"@id":"https:\/\/latemarium.com\/it\/#website"},"primaryImageOfPage":{"@id":"https:\/\/latemarium.com\/de\/events\/blumen-und-kraeuterwanderung\/#primaryimage"},"image":{"@id":"https:\/\/latemarium.com\/de\/events\/blumen-und-kraeuterwanderung\/#primaryimage"},"thumbnailUrl":"https:\/\/latemarium.com\/wp-content\/uploads\/2025\/05\/fiori-e-erbe-obereggen.jpg","datePublished":"2025-05-09T08:01:51+00:00","dateModified":"2025-05-09T08:06:21+00:00","breadcrumb":{"@id":"https:\/\/latemarium.com\/de\/events\/blumen-und-kraeuterwanderung\/#breadcrumb"},"inLanguage":"de-DE","potentialAction":[{"@type":"ReadAction","target":["https:\/\/latemarium.com\/de\/events\/blumen-und-kraeuterwanderung\/"]}]},{"@type":"ImageObject","inLanguage":"de-DE","@id":"https:\/\/latemarium.com\/de\/events\/blumen-und-kraeuterwanderung\/#primaryimage","url":"https:\/\/latemarium.com\/wp-content\/uploads\/2025\/05\/fiori-e-erbe-obereggen.jpg","contentUrl":"https:\/\/latemarium.com\/wp-content\/uploads\/2025\/05\/fiori-e-erbe-obereggen.jpg","width":1245,"height":755},{"@type":"BreadcrumbList","@id":"https:\/\/latemarium.com\/de\/events\/blumen-und-kraeuterwanderung\/#breadcrumb","itemListElement":[{"@type":"ListItem","position":1,"name":"Home","item":"https:\/\/latemarium.com\/de\/"},{"@type":"ListItem","position":2,"name":"Events","item":"https:\/\/latemarium.com\/de\/events\/"},{"@type":"ListItem","position":3,"name":"Blumen- und Kr\u00e4uterwanderung"}]},{"@type":"WebSite","@id":"https:\/\/latemarium.com\/it\/#website","url":"https:\/\/latemarium.com\/it\/","name":"Latemarium","description":"Un regno di emozioni","potentialAction":[{"@type":"SearchAction","target":{"@type":"EntryPoint","urlTemplate":"https:\/\/latemarium.com\/it\/?s={search_term_string}"},"query-input":{"@type":"PropertyValueSpecification","valueRequired":true,"valueName":"search_term_string"}}],"inLanguage":"de-DE"}]}},"_links":{"self":[{"href":"https:\/\/latemarium.com\/de\/wp-json\/wp\/v2\/ajde_events\/2813","targetHints":{"allow":["GET"]}}],"collection":[{"href":"https:\/\/latemarium.com\/de\/wp-json\/wp\/v2\/ajde_events"}],"about":[{"href":"https:\/\/latemarium.com\/de\/wp-json\/wp\/v2\/types\/ajde_events"}],"author":[{"embeddable":true,"href":"https:\/\/latemarium.com\/de\/wp-json\/wp\/v2\/users\/8"}],"replies":[{"embeddable":true,"href":"https:\/\/latemarium.com\/de\/wp-json\/wp\/v2\/comments?post=2813"}],"wp:featuredmedia":[{"embeddable":true,"href":"https:\/\/latemarium.com\/de\/wp-json\/wp\/v2\/media\/2809"}],"wp:attachment":[{"href":"https:\/\/latemarium.com\/de\/wp-json\/wp\/v2\/media?parent=2813"}],"wp:term":[{"taxonomy":"post_tag","embeddable":true,"href":"https:\/\/latemarium.com\/de\/wp-json\/wp\/v2\/tags?post=2813"},{"taxonomy":"event_type","embeddable":true,"href":"https:\/\/latemarium.com\/de\/wp-json\/wp\/v2\/event_type?post=2813"},{"taxonomy":"event_type_2","embeddable":true,"href":"https:\/\/latemarium.com\/de\/wp-json\/wp\/v2\/event_type_2?post=2813"}],"curies":[{"name":"wp","href":"https:\/\/api.w.org\/{rel}","templated":true}]}}

Blumen- und Kräuterwanderung

<p>Diese Wanderung am Fuße des Latemar lädt dazu ein, die Vielfalt der Natur mit ihren Blumen und Kräutern zu entdecken. Wanderführerin Irene Eder führt die Gruppe mit fachkundigem Wissen durch die beeindruckende Landschaft und plant zur Mittagszeit eine gemütliche Einkehr in einer Alm der Region. Unterwegs erfahren die Teilnehmer Wissenswertes über die heilenden Eigenschaften der Kräuter, Bäume und Blumen sowie deren Verwendung. Im Mittelpunkt dieser entspannenden Wanderung stehen traditionelle Rezepturen und das Wohlbefinden inmitten der Natur.</p>
<p>Route: Obereggen, Auffahrt mit dem Sessellift – Weg Nr. 22 – Mayrl Alm &#8211; auf dem Weg Latemar.Natura zurück zur Bergstation Oberholz und mit dem Lift nach Obereggen.</p>
<p>Start: 10 Uhr, Tourismusbüro Obereggen | Rückkehr: 15 Uhr | Dauer: 5 Std. | reine Gehzeit: 2 Std. | Anforderung: gute Schuhe<br />
Höhenunterschied: 150 m bis Mayrl Alm | Schwierigkeit: leicht | mit Einkehr | Sessellift: kostenpflichtig | Mitnahme von Getränk wird empfohlen</p>

<!-- This site is optimized with the Yoast SEO plugin v24.3 - https://yoast.com/wordpress/plugins/seo/ -->
<title>Blumen- und Kräuterwanderung - Latemarium</title>
<meta name="robots" content="index, follow, max-snippet:-1, max-image-preview:large, max-video-preview:-1" />
<link rel="canonical" href="https://latemarium.com/de/events/blumen-und-kraeuterwanderung/" />
<meta property="og:locale" content="de_DE" />
<meta property="og:type" content="article" />
<meta property="og:title" content="Blumen- und Kräuterwanderung - Latemarium" />
<meta property="og:description" content="Diese Wanderung am Fuße des Latemar lädt dazu ein, die Vielfalt der Natur mit ihren Blumen und Kräutern zu entdecken. Wanderführerin Irene Eder führt die Gruppe mit fachkundigem Wissen durch die beeindruckende Landschaft und plant zur Mittagszeit eine gemütliche Einkehr in einer Alm der Region. Unterwegs erfahren die Teilnehmer Wissenswertes über die heilenden Eigenschaften der [&hellip;]" />
<meta property="og:url" content="https://latemarium.com/de/events/blumen-und-kraeuterwanderung/" />
<meta property="og:site_name" content="Latemarium" />
<meta property="article:modified_time" content="2025-05-09T08:06:21+00:00" />
<meta property="og:image" content="https://latemarium.com/wp-content/uploads/2025/05/fiori-e-erbe-obereggen.jpg" />
	<meta property="og:image:width" content="1245" />
	<meta property="og:image:height" content="755" />
	<meta property="og:image:type" content="image/jpeg" />
<meta name="twitter:card" content="summary_large_image" />
<meta name="twitter:label1" content="Est. reading time" />
	<meta name="twitter:data1" content="1 minute" />
<script type="application/ld+json" class="yoast-schema-graph">{"@context":"https://schema.org","@graph":[{"@type":"WebPage","@id":"https://latemarium.com/de/events/blumen-und-kraeuterwanderung/","url":"https://latemarium.com/de/events/blumen-und-kraeuterwanderung/","name":"Blumen- und Kräuterwanderung - Latemarium","isPartOf":{"@id":"https://latemarium.com/it/#website"},"primaryImageOfPage":{"@id":"https://latemarium.com/de/events/blumen-und-kraeuterwanderung/#primaryimage"},"image":{"@id":"https://latemarium.com/de/events/blumen-und-kraeuterwanderung/#primaryimage"},"thumbnailUrl":"https://latemarium.com/wp-content/uploads/2025/05/fiori-e-erbe-obereggen.jpg","datePublished":"2025-05-09T08:01:51+00:00","dateModified":"2025-05-09T08:06:21+00:00","breadcrumb":{"@id":"https://latemarium.com/de/events/blumen-und-kraeuterwanderung/#breadcrumb"},"inLanguage":"de-DE","potentialAction":[{"@type":"ReadAction","target":["https://latemarium.com/de/events/blumen-und-kraeuterwanderung/"]}]},{"@type":"ImageObject","inLanguage":"de-DE","@id":"https://latemarium.com/de/events/blumen-und-kraeuterwanderung/#primaryimage","url":"https://latemarium.com/wp-content/uploads/2025/05/fiori-e-erbe-obereggen.jpg","contentUrl":"https://latemarium.com/wp-content/uploads/2025/05/fiori-e-erbe-obereggen.jpg","width":1245,"height":755},{"@type":"BreadcrumbList","@id":"https://latemarium.com/de/events/blumen-und-kraeuterwanderung/#breadcrumb","itemListElement":[{"@type":"ListItem","position":1,"name":"Home","item":"https://latemarium.com/de/"},{"@type":"ListItem","position":2,"name":"Events","item":"https://latemarium.com/de/events/"},{"@type":"ListItem","position":3,"name":"Blumen- und Kräuterwanderung"}]},{"@type":"WebSite","@id":"https://latemarium.com/it/#website","url":"https://latemarium.com/it/","name":"Latemarium","description":"Un regno di emozioni","potentialAction":[{"@type":"SearchAction","target":{"@type":"EntryPoint","urlTemplate":"https://latemarium.com/it/?s={search_term_string}"},"query-input":{"@type":"PropertyValueSpecification","valueRequired":true,"valueName":"search_term_string"}}],"inLanguage":"de-DE"}]}</script>
<!-- / Yoast SEO plugin. -->

Blumen- und Kräuterwanderung - Latemarium

Diese Wanderung am Fuße des Latemar lädt dazu ein, die Vielfalt der Natur mit ihren Blumen und Kräutern zu entdecken. Wanderführerin Irene Eder führt die Gruppe mit fachkundigem Wissen durch die beeindruckende Landschaft und plant zur Mittagszeit eine gemütliche Einkehr in einer Alm der Region. Unterwegs erfahren die Teilnehmer Wissenswertes über die heilenden Eigenschaften der [&hellip;]
